= 6 - q. Calculate the highest common factor of 153 and g.
17
Suppose 133*d = -153*d + 212784. What is the highest common factor of 102 and d?
6
Suppose -3*n - 515 = -2*y, 3*y + 669 = -2*n + 1474. What is the highest common divisor of y and 80?
5
Let d(s) = -2*s**3 - 15*s**2 - 41*s. Let m be d(-10). What is the highest common divisor of m and 98?
14
Let g be (-52)/3*105/(-140). Suppose -87 = -u + 43. What is the greatest common factor of g and u?
13
Suppose 0 = 3*i - 140*c + 135*c - 48, 5*i - 3*c - 64 = 0. Calculate the highest common factor of 2321 and i.
11
Let m(f) = f**3 + 32*f**2 - 32*f + 137. Let k be m(-33). Let g = 108 - k. Calculate the highest common divisor of g and 32.
4
Suppose -45*u = -33*u + 111*u - 680190. Calculate the greatest common divisor of u and 140.
70
Let h(f) = 5*f**2 + 42*f - 104. Let d be h(17). Calculate the highest common factor of d and 15.
15
Suppose -2*x - 217 = -3*x. Suppose -4*l - y - y - 20 = 0, -3*y = 0. Let r = l - -36. Calculate the highest common factor of r and x.
31
Let h be 4 + 1 + -9 + 4. Suppose h = 42*m - 15*m - 378. Calculate the highest common factor of m and 119.
7
Let f be ((-192)/(-144))/(4/27) + 9. Calculate the highest common divisor of f and 456.
6
Let i be (-3 - (-33)/9)*-3. Let b be i/(-2)*(10 - -1). Suppose 35*y + 847 = 42*y. What is the highest common divisor of y and b?
11
Suppose -57 = -4*t - 3*y, -y = -0 - 3. Let d = -7840 - -8044. Calculate the highest common divisor of t and d.
12
Let t(n) = -n**3 - 7*n**2 + 9*n + 9. Let z be t(-6). Let s be 2/(-18)*6*z. Calculate the highest common divisor of s and 126.
18
Let q be 1273/76 + 3/12. Suppose -2*o - 34 = -2*a + 8, -3*o = 3*a - 39. What is the highest common divisor of a and q?
17
Let q = -7 + 11. Suppose 0 = q*n - 29 - 127. Suppose -5*z + 25 = 0, -4*j = -873*z + 871*z - 42. Calculate the greatest common factor of j and n.
13
Suppose -810 = 4*j - 10*j. Let c = j - 57. Let r = 82 - c. What is the greatest common divisor of r and 3?
1
Suppose 5*u + 3*m - 40 = 0, 3*u = -2*u + 3*m + 10. Suppose u*n = 1178 - 268. What is the highest common divisor of n and 28?
14
Let i(g) = 22*g + 476. Let b be i(12). Calculate the highest common divisor of b and 80.
20
Let b = 11 - 7. Suppose 4*a = 8*a + 2*u - 16, b*a - 18 = -3*u. Calculate the greatest common divisor of 39 and a.
3
Let a be ((-835)/(-1) + 14)/((-6)/(-14)). What is the greatest common divisor of 7 and a?
7
Let f be (-40)/(-15) + 6008/(-12). Let w = 534 + f. Calculate the highest common divisor of w and 1548.
36
Let h be 57/(9/6*(-6 + 8)). Calculate the highest common factor of 43 and h.
1
Let k be (28294/(-141) + -50)/((-1)/(-3) - 1). What is the greatest common factor of k and 5499?
47
Suppose 1564 = -2*f + 4*f - 5*y, 5*f = 2*y + 3952. Suppose 39*j - f = 15*j. Calculate the greatest common factor of j and 99.
33
Suppose -135 = -2*o - o. Suppose 3*k - o - 93 = 0. Let i be 6/(-33) + (1588/22 - 3). What is the highest common factor of i and k?
23
Let i be 10032/42 - -5 - (-12)/(-14). Let z = i - -972. What is the highest common factor of 15 and z?
15
Let r = -4420 - -4458. What is the greatest common factor of r and 874?
38
Suppose j = -4*c + 2*j + 3, -12 = -3*c + 4*j. Suppose -2*l + 39 = -c*y + 5*y, -l - y = -15. Calculate the greatest common divisor of 66 and l.
6
Let n(k) = 2*k**2 - 29*k + 19. Let b be n(14). Let c(j) = 93*j - 4 - 88*j + 4. Let l be c(9). What is the greatest common divisor of l and b?
5
Let a = -47 - -242. Let i be 7/(-28) - 554/(-8). Let d = i + a. Calculate the highest common divisor of 33 and d.
33
Let o be (-56)/(-10) + (-2)/(-5). Let r = 29979 + -29901. What is the highest common factor of o and r?
6
Let q = 10 + -5. Suppose -2*r - 2 = 0, -4*l + 0*r = -q*r - 85. Calculate the greatest common factor of l and 380.
20
Let g be (-3172)/22 + 17/((-561)/(-6)). Let j = g + 152. Suppose 126 - j = f. What is the highest common factor of 59 and f?
59
Let v be 3*(-9)/(-3) + (-7 - -7). Suppose 4*w = 1 - 9. Let x be w*(-12)/(-8)*-2. What is the greatest common factor of x and v?
3
Let c(x) = -3*x**3 + 15*x**2 + 84*x + 504. Let o be c(-15). What is the highest common factor of o and 16?
8
Suppose 76*a - 8074 + 4597 = 15523. Let t(v) be the second derivative of -v**3/6 + 2*v. Let l be t(-10). Calculate the greatest common factor of l and a.
10
Let h be ((-176)/6)/(-4) - (-44)/66. Suppose -10*m - 868 = -v - h*m, -4*v + 3499 = m. What is the highest common divisor of 46 and v?
46
Let y(n) = n**3 - 4*n**2 - 64*n + 207. Let w be y(3). Calculate the greatest common factor of 534 and w.
6
Let g(k) = -k**3 + 9*k**2 + 4*k - 27. Let t be g(6). Suppose 4*n + 13*n - 255 = 0. What is the greatest common factor of t and n?
15
Suppose 92640 = -117*w + 503*w. Calculate the highest common divisor of 276 and w.
12
Let n = -3062 - -3114. Calculate the greatest common divisor of n and 10244.
52
Suppose -14*u + 7812 = 17*u. Suppose -u = 7*q - 13*q. Calculate the highest common factor of 336 and q.
42
Suppose 368 = 3*g - 2*q - 0*q, 0 = -2*q + 4. Suppose 35468*a = 35465*a + 930. What is the highest common divisor of a and g?
62
Suppose 0 = -2*n + 2*s + 40, 3*n + n - 75 = -s. Let z be (2 + -287)/((-123)/6 + 20). Calculate the highest common factor of z and n.
19
Suppose -84 = -2*v + v. Let t = 702 + -654. Calculate the greatest common factor of v and t.
12
Let x = -237 + 71. Let r = x + 190. Let p be (32/5)/(11/55). Calculate the highest common factor of r and p.
8
Let g = 903 + -1402. Let c = g - -522. What is the highest common divisor of 437 and c?
23
Suppose 12817 + 19322 = 43*c - 541. What is the highest common factor of c and 475?
95
Let t be ((-300)/(-9) - (-5 - -6))*9. Let y = 323 - t. Calculate the greatest common factor of y and 128.
32
Let p be 7272/2828*(63 - 0). Calculate the highest common factor of 6912 and p.
54
Let m(f) = -f**3 - 33*f**2 + 23*f + 344. Let n be m(-35). Calculate the highest common factor of n and 884.
221
Let v(x) = -33*x - 6. Let w be v(-2). Let k(n) = 8*n + 3. Let m be k(-1). Let j be 10*-1*-1*(9 + m). What is the highest common divisor of w and j?
20
Suppose -3*b - 5*x - 41 = 0, 0 = -b + 3*b - x + 10. Let q(c) = -c - 6. Let m be q(b). Let w = -183399 - -183406. What is the greatest common divisor of w and m?
1
Suppose 15*t - 17*t = -10, 0 = o + 2*t - 226. What is the greatest common factor of 1560 and o?
24
Let u(a) be the first derivative of -a**4/4 + 7*a**3/3 - 9*a**2 + 40*a - 276. Let g be u(3). Calculate the highest common divisor of 44 and g.
22
Let g(c) = -77*c - 19. Suppose 12 = -i + 5*u, 5*u = -i + 7 + 1. Let w be g(i). Let h = 67 - 52. What is the greatest common divisor of h and w?
15
Let a = -148 - -212. Let r = 56 - a. Let o be (-90)/(-12)*r/(-2). Calculate the highest common divisor of 120 and o.
30
Let y = 12407 - 25037. Let r be (-14)/(-63) - y/27. What is the highest common factor of 24 and r?
12
Let h be 6/(-3 + (-174)/(-24) - 4). Let s be 341567/876 + 2/h. Calculate the highest common factor of 312 and s.
78
Let o be (-4)/(-18)*3849 - (-7)/(-21). Calculate the greatest common factor of 105 and o.
15
Let k(b) = 13*b - 49. Let o be k(8). Let t be (30/(-5))/1 + o. Calculate the highest common factor of t and 441.
49
Let r = -232 + 128. Let q = 126 + r. Calculate the highest common divisor of q and 242.
22
Let x(i) = -21*i**3 - 3*i**2 - 5*i - 3. Let o(j) = 4*j - 49. Let f be o(12). Let h be x(f). Calculate the highest common divisor of h and 160.
20
Let c = -82 + 112. Suppose 0 = 12*i - 17*i + c. Calculate the highest common divisor of i and 18.
6
Let z be (-18)/(-102) - (-49721)/119. Calculate the greatest common factor of z and 38.
38
Let o = -10436 - -19707. Calculate the highest common divisor of 219 and o.
73
Let h be ((-600)/96)/(1/16*-10). Let k(f) = -10*f**3 + 2*f**2 + 2*f. Let p be k(-1). Calculate the greatest common factor of h and p.
10
Let i be 198/(-63)*14/(-4). Let a be -3*(-5 + 3) - (2 + -1). Suppose -a*k = -i*k + 72. What is the greatest common factor of k and 8?
4
Suppose -4*q = 4*v - 344, 12 - 2 = -5*v. Let o(a) = -a**3 - 26*a**2 + 8*a + 219. Let m be o(-26). What is the highest common divisor of m and q?
11
Let g(f) = 19*f**2 + 6*f - 2. Let y be g(-6). Suppose -2*k = -5*d + 172, 5*d + 16*k - 20*k - 174 = 0. Calculate the greatest